{"id":159,"date":"2023-12-04T21:11:51","date_gmt":"2023-12-04T20:11:51","guid":{"rendered":"https:\/\/www.anjafeldmann.de\/?page_id=159"},"modified":"2026-02-23T21:43:51","modified_gmt":"2026-02-23T20:43:51","slug":"fallsupervision","status":"publish","type":"page","link":"https:\/\/www.anjafeldmann.de\/?page_id=159","title":{"rendered":"Fallsupervision"},"content":{"rendered":"\n<p>Fallsupervision richtet den Blick auf konkrete Arbeitssituationen, Klient:innen- oder Patient:innenkontexte und die damit verbundenen professionellen Fragestellungen.<\/p>\n\n\n\n<p>Im Mittelpunkt steht nicht nur der Fall selbst, sondern das Zusammenspiel von Wahrnehmung, Beziehung, Rolle und institutionellem Rahmen.<\/p>\n\n\n\n<p>Fallsupervision erm\u00f6glicht es, komplexe Situationen aus unterschiedlichen Perspektiven zu betrachten und berufliches Handeln differenziert zu reflektieren.<\/p>\n\n\n\n<p>Sie schafft einen Rahmen, in dem Unsicherheiten, Irritationen, Spannungsfelder und Entscheidungsdynamiken verstehbar werden k\u00f6nnen.<\/p>\n\n\n\n<p>Der Fokus liegt nicht auf Bewertungen oder schnellen L\u00f6sungen, sondern auf dem Verstehen von Zusammenh\u00e4ngen, Wechselwirkungen und professionellen Handlungsm\u00f6glichkeiten.<\/p>\n\n\n\n<p>Fallsupervision unterst\u00fctzt dabei,<\/p>\n\n\n\n<p>\u2022 Wahrnehmungen zu sortieren und zu erweitern<br>\u2022 Beziehungsdynamiken differenziert zu betrachten<br>\u2022 Rollenaspekte und Auftr\u00e4ge zu kl\u00e4ren<br>\u2022 festgefahrene Sichtweisen zu \u00f6ffnen<br>\u2022 neue Handlungsoptionen zu entwickeln<\/p>\n\n\n\n<hr class=\"wp-block-separator has-alpha-channel-opacity\"\/>\n\n\n\n<h2 class=\"wp-block-heading\"><strong>Arbeitsweise<\/strong><\/h2>\n\n\n\n<p>Die Fallsupervision orientiert sich am jeweiligen beruflichen Kontext und Anliegen.<\/p>\n\n\n\n<p>Neben gespr\u00e4chsbasierten Formaten arbeite ich bei Bedarf mit kreativen und wahrnehmungsorientierten Zug\u00e4ngen, die implizite Dynamiken sichtbar machen und Perspektivwechsel erleichtern.<\/p>\n\n\n\n<hr class=\"wp-block-separator has-alpha-channel-opacity\"\/>\n\n\n\n<h2 class=\"wp-block-heading\"><strong>Rahmen &amp; Setting<\/strong><\/h2>\n\n\n\n<p>Fallsupervision kann im Einzel, im Team oder in der Gruppe stattfinden.<\/p>\n\n\n\n<p>In einem Erstgespr\u00e4ch kl\u00e4ren wir gemeinsam Anliegen, Kontext und Ausgestaltung.<\/p>\n\n\n\n<div class=\"wp-block-buttons is-layout-flex wp-block-buttons-is-layout-flex\">\n<div class=\"wp-block-button\"><a class=\"wp-block-button__link wp-element-button\" href=\"https:\/\/www.anjafeldmann.de\/?page_id=403\" target=\"_blank\" rel=\"noreferrer noopener\">Sie haben Interesse an Fallsupervision?<br>Hier geht es zum Kontaktformular.<\/a><\/div>\n<\/div>\n\n\n\n<figure class=\"wp-block-gallery has-nested-images columns-default is-cropped wp-block-gallery-1 is-layout-flex wp-block-gallery-is-layout-flex\">\n<figure class=\"wp-block-image size-large\"><img fetchpriority=\"high\" decoding=\"async\" width=\"1024\" height=\"576\" data-id=\"42\" src=\"https:\/\/www.anjafeldmann.de\/wp-content\/uploads\/2023\/06\/P1060943-1024x576.jpg\" alt=\"\" class=\"wp-image-42\" srcset=\"https:\/\/www.anjafeldmann.de\/wp-content\/uploads\/2023\/06\/P1060943-1024x576.jpg 1024w, https:\/\/www.anjafeldmann.de\/wp-content\/uploads\/2023\/06\/P1060943-300x169.jpg 300w, https:\/\/www.anjafeldmann.de\/wp-content\/uploads\/2023\/06\/P1060943-768x432.jpg 768w, https:\/\/www.anjafeldmann.de\/wp-content\/uploads\/2023\/06\/P1060943-1536x864.jpg 1536w, https:\/\/www.anjafeldmann.de\/wp-content\/uploads\/2023\/06\/P1060943-2048x1152.jpg 2048w, https:\/\/www.anjafeldmann.de\/wp-content\/uploads\/2023\/06\/P1060943-850x478.jpg 850w\" sizes=\"(max-width: 1024px) 100vw, 1024px\" \/><figcaption class=\"wp-element-caption\">Fallsupervision &#8211; Aufstellung<\/figcaption><\/figure>\n\n\n\n<figure class=\"wp-block-image size-large\"><img decoding=\"async\" width=\"1024\" height=\"576\" data-id=\"41\" src=\"https:\/\/www.anjafeldmann.de\/wp-content\/uploads\/2023\/06\/P1060934-1024x576.jpg\" alt=\"\" class=\"wp-image-41\" srcset=\"https:\/\/www.anjafeldmann.de\/wp-content\/uploads\/2023\/06\/P1060934-1024x576.jpg 1024w, https:\/\/www.anjafeldmann.de\/wp-content\/uploads\/2023\/06\/P1060934-300x169.jpg 300w, https:\/\/www.anjafeldmann.de\/wp-content\/uploads\/2023\/06\/P1060934-768x432.jpg 768w, https:\/\/www.anjafeldmann.de\/wp-content\/uploads\/2023\/06\/P1060934-1536x864.jpg 1536w, https:\/\/www.anjafeldmann.de\/wp-content\/uploads\/2023\/06\/P1060934-2048x1152.jpg 2048w, https:\/\/www.anjafeldmann.de\/wp-content\/uploads\/2023\/06\/P1060934-850x478.jpg 850w\" sizes=\"(max-width: 1024px) 100vw, 1024px\" \/><figcaption class=\"wp-element-caption\">Fallsupervision &#8211; Aufstellung <\/figcaption><\/figure>\n\n\n\n<figure class=\"wp-block-image size-large\"><img decoding=\"async\" width=\"1024\" height=\"576\" data-id=\"40\" src=\"https:\/\/www.anjafeldmann.de\/wp-content\/uploads\/2023\/06\/P1060928-1024x576.jpg\" alt=\"\" class=\"wp-image-40\" srcset=\"https:\/\/www.anjafeldmann.de\/wp-content\/uploads\/2023\/06\/P1060928-1024x576.jpg 1024w, https:\/\/www.anjafeldmann.de\/wp-content\/uploads\/2023\/06\/P1060928-300x169.jpg 300w, https:\/\/www.anjafeldmann.de\/wp-content\/uploads\/2023\/06\/P1060928-768x432.jpg 768w, https:\/\/www.anjafeldmann.de\/wp-content\/uploads\/2023\/06\/P1060928-1536x864.jpg 1536w, https:\/\/www.anjafeldmann.de\/wp-content\/uploads\/2023\/06\/P1060928-2048x1152.jpg 2048w, https:\/\/www.anjafeldmann.de\/wp-content\/uploads\/2023\/06\/P1060928-850x478.jpg 850w\" sizes=\"(max-width: 1024px) 100vw, 1024px\" \/><figcaption class=\"wp-element-caption\">Fallsupervision &#8211; Aufstellung<\/figcaption><\/figure>\n<\/figure>\n","protected":false},"excerpt":{"rendered":"<p>Fallsupervision richtet den Blick auf konkrete Arbeitssituationen, Klient:innen- oder Patient:innenkontexte und die damit verbundenen professionellen&#8230;<\/p>\n","protected":false},"author":1,"featured_media":0,"parent":0,"menu_order":0,"comment_status":"closed","ping_status":"closed","template":"","meta":{"footnotes":""},"class_list":["post-159","page","type-page","status-publish","hentry"],"_links":{"self":[{"href":"https:\/\/www.anjafeldmann.de\/index.php?rest_route=\/wp\/v2\/pages\/159","targetHints":{"allow":["GET"]}}],"collection":[{"href":"https:\/\/www.anjafeldmann.de\/index.php?rest_route=\/wp\/v2\/pages"}],"about":[{"href":"https:\/\/www.anjafeldmann.de\/index.php?rest_route=\/wp\/v2\/types\/page"}],"author":[{"embeddable":true,"href":"https:\/\/www.anjafeldmann.de\/index.php?rest_route=\/wp\/v2\/users\/1"}],"replies":[{"embeddable":true,"href":"https:\/\/www.anjafeldmann.de\/index.php?rest_route=%2Fwp%2Fv2%2Fcomments&post=159"}],"version-history":[{"count":8,"href":"https:\/\/www.anjafeldmann.de\/index.php?rest_route=\/wp\/v2\/pages\/159\/revisions"}],"predecessor-version":[{"id":623,"href":"https:\/\/www.anjafeldmann.de\/index.php?rest_route=\/wp\/v2\/pages\/159\/revisions\/623"}],"wp:attachment":[{"href":"https:\/\/www.anjafeldmann.de\/index.php?rest_route=%2Fwp%2Fv2%2Fmedia&parent=159"}],"curies":[{"name":"wp","href":"https:\/\/api.w.org\/{rel}","templated":true}]}}