{"id":163,"date":"2023-12-04T21:11:38","date_gmt":"2023-12-04T20:11:38","guid":{"rendered":"https:\/\/www.anjafeldmann.de\/?page_id=163"},"modified":"2026-02-23T21:50:28","modified_gmt":"2026-02-23T20:50:28","slug":"coaching","status":"publish","type":"page","link":"https:\/\/www.anjafeldmann.de\/?page_id=163","title":{"rendered":"Coaching"},"content":{"rendered":"\n<p>Coaching bietet einen strukturierten Rahmen, um pers\u00f6nliche, berufliche oder entscheidungsbezogene Fragestellungen differenziert zu betrachten.<\/p>\n\n\n\n<p>Im Mittelpunkt stehen Wahrnehmung, innere Kl\u00e4rungsprozesse und die Erweiterung von Perspektiven auf vertraute Situationen.<\/p>\n\n\n\n<p>Coaching erm\u00f6glicht es, Anliegen, Ziele, Ambivalenzen und innere Spannungsfelder bewusst zu reflektieren und neue Handlungsm\u00f6glichkeiten zu entwickeln.<\/p>\n\n\n\n<p>Der Fokus liegt nicht auf schnellen L\u00f6sungen oder Optimierungsdruck, sondern auf stimmiger Entwicklung, Orientierung und Klarheit im eigenen Denken und Handeln.<\/p>\n\n\n\n<p>Je nach Anliegen arbeite ich gespr\u00e4chsbasiert sowie mit kreativen und wahrnehmungsorientierten Zug\u00e4ngen, die neue Sichtweisen er\u00f6ffnen und implizite Dynamiken erfahrbar machen.<\/p>\n\n\n\n<hr class=\"wp-block-separator has-alpha-channel-opacity\"\/>\n\n\n\n<h2 class=\"wp-block-heading\"><strong>M\u00f6gliche Anliegen im Coaching<\/strong><\/h2>\n\n\n\n<p>Coaching kann sinnvoll sein bei Fragestellungen wie<\/p>\n\n\n\n<p>\u2022 Umgang mit Entscheidungs- und Ver\u00e4nderungssituationen<br>\u2022 Reflexion beruflicher oder pers\u00f6nlicher Rollen<br>\u2022 Kl\u00e4rung innerer Konflikte oder Ambivalenzen<br>\u2022 Entwicklung von Handlungssicherheit und Orientierung<br>\u2022 Umgang mit Unsicherheiten, Blockaden oder Selbstzweifeln<br>\u2022 Pr\u00fcfungs- und Auftrittssituationen<br>\u2022 Konflikt- und Beziehungsthemen<br>\u2022 Konzentration, Fokus und innere Ausrichtung<\/p>\n\n\n\n<hr class=\"wp-block-separator has-alpha-channel-opacity\"\/>\n\n\n\n<h2 class=\"wp-block-heading\"><strong>Charakter des Coachings<\/strong><\/h2>\n\n\n\n<p>Coaching ist ein reflexiver Prozess.<\/p>\n\n\n\n<p>Er schafft einen Raum, in dem Wahrnehmungen sortiert, neue Perspektiven entwickelt und individuelle L\u00f6sungswege erarbeitet werden k\u00f6nnen.<\/p>\n\n\n\n<p><mark style=\"background-color:rgba(0, 0, 0, 0);color:#289395\" class=\"has-inline-color\"><strong>Kontaktieren Sie mich f\u00fcr ein kostenloses Erstgespr\u00e4ch, in dem Sie Ihr Anliegen schildern und wir gemeinsam schauen, wie ich Sie unterst\u00fctzen kann.<\/strong><\/mark><\/p>\n\n\n\n<div class=\"wp-block-buttons is-layout-flex wp-block-buttons-is-layout-flex\">\n<div class=\"wp-block-button\"><a class=\"wp-block-button__link wp-element-button\" href=\"https:\/\/www.anjafeldmann.de\/?page_id=403\" target=\"_blank\" rel=\"noreferrer noopener\">Hier geht&#8217;s zum Kontaktformular<\/a><\/div>\n<\/div>\n\n\n\n<figure class=\"wp-block-gallery has-nested-images columns-default is-cropped wp-block-gallery-1 is-layout-flex wp-block-gallery-is-layout-flex\">\n<figure class=\"wp-block-image size-large\"><img fetchpriority=\"high\" decoding=\"async\" width=\"768\" height=\"1024\" data-id=\"357\" src=\"https:\/\/www.anjafeldmann.de\/wp-content\/uploads\/2023\/12\/IMG_20230927_174402-768x1024.jpg\" alt=\"M\u00fcnzdiagramm - sortieren, ordnen und priorisieren von Aufgaben und Lebensthemen\" class=\"wp-image-357\" srcset=\"https:\/\/www.anjafeldmann.de\/wp-content\/uploads\/2023\/12\/IMG_20230927_174402-768x1024.jpg 768w, https:\/\/www.anjafeldmann.de\/wp-content\/uploads\/2023\/12\/IMG_20230927_174402-225x300.jpg 225w, https:\/\/www.anjafeldmann.de\/wp-content\/uploads\/2023\/12\/IMG_20230927_174402-1152x1536.jpg 1152w, https:\/\/www.anjafeldmann.de\/wp-content\/uploads\/2023\/12\/IMG_20230927_174402-1536x2048.jpg 1536w, https:\/\/www.anjafeldmann.de\/wp-content\/uploads\/2023\/12\/IMG_20230927_174402-300x400.jpg 300w, https:\/\/www.anjafeldmann.de\/wp-content\/uploads\/2023\/12\/IMG_20230927_174402-850x1133.jpg 850w, https:\/\/www.anjafeldmann.de\/wp-content\/uploads\/2023\/12\/IMG_20230927_174402-scaled.jpg 1920w\" sizes=\"(max-width: 768px) 100vw, 768px\" \/><figcaption class=\"wp-element-caption\">Coaching &#8211; Anja Feldmann<\/figcaption><\/figure>\n\n\n\n<figure class=\"wp-block-image size-large\"><img decoding=\"async\" width=\"768\" height=\"1024\" data-id=\"358\" src=\"https:\/\/www.anjafeldmann.de\/wp-content\/uploads\/2023\/12\/IMG_20230927_180424-768x1024.jpg\" alt=\"M\u00fcnzdiagramm - sortieren, ordnen und priorisieren von Aufgaben und Lebensthemen\" class=\"wp-image-358\" srcset=\"https:\/\/www.anjafeldmann.de\/wp-content\/uploads\/2023\/12\/IMG_20230927_180424-768x1024.jpg 768w, https:\/\/www.anjafeldmann.de\/wp-content\/uploads\/2023\/12\/IMG_20230927_180424-225x300.jpg 225w, https:\/\/www.anjafeldmann.de\/wp-content\/uploads\/2023\/12\/IMG_20230927_180424-1152x1536.jpg 1152w, https:\/\/www.anjafeldmann.de\/wp-content\/uploads\/2023\/12\/IMG_20230927_180424-1536x2048.jpg 1536w, https:\/\/www.anjafeldmann.de\/wp-content\/uploads\/2023\/12\/IMG_20230927_180424-300x400.jpg 300w, https:\/\/www.anjafeldmann.de\/wp-content\/uploads\/2023\/12\/IMG_20230927_180424-850x1133.jpg 850w, https:\/\/www.anjafeldmann.de\/wp-content\/uploads\/2023\/12\/IMG_20230927_180424-scaled.jpg 1920w\" sizes=\"(max-width: 768px) 100vw, 768px\" \/><figcaption class=\"wp-element-caption\">Coaching &#8211; Anja Feldmann<\/figcaption><\/figure>\n\n\n\n<figure class=\"wp-block-image size-large\"><img decoding=\"async\" width=\"768\" height=\"1024\" data-id=\"359\" src=\"https:\/\/www.anjafeldmann.de\/wp-content\/uploads\/2023\/12\/IMG_20231117_110103-768x1024.jpg\" alt=\"Coaching R\u00fcckblick zur Reflexion des Coachingprozesses\" class=\"wp-image-359\" srcset=\"https:\/\/www.anjafeldmann.de\/wp-content\/uploads\/2023\/12\/IMG_20231117_110103-768x1024.jpg 768w, https:\/\/www.anjafeldmann.de\/wp-content\/uploads\/2023\/12\/IMG_20231117_110103-225x300.jpg 225w, https:\/\/www.anjafeldmann.de\/wp-content\/uploads\/2023\/12\/IMG_20231117_110103-1152x1536.jpg 1152w, https:\/\/www.anjafeldmann.de\/wp-content\/uploads\/2023\/12\/IMG_20231117_110103-1536x2048.jpg 1536w, https:\/\/www.anjafeldmann.de\/wp-content\/uploads\/2023\/12\/IMG_20231117_110103-300x400.jpg 300w, https:\/\/www.anjafeldmann.de\/wp-content\/uploads\/2023\/12\/IMG_20231117_110103-850x1133.jpg 850w, https:\/\/www.anjafeldmann.de\/wp-content\/uploads\/2023\/12\/IMG_20231117_110103-scaled.jpg 1920w\" sizes=\"(max-width: 768px) 100vw, 768px\" \/><figcaption class=\"wp-element-caption\">Coaching R\u00fcckblick &#8211; Anja Feldmann<\/figcaption><\/figure>\n<\/figure>\n\n\n\n<p>Ein wichtiger Hinweis in Ihrem und meinem Interesse: <br>Coaching ersetzt keine Therapie, sondern ist eine unterst\u00fctzende Ma\u00dfnahme zur pers\u00f6nlichen und beruflichen Weiterentwicklung.<\/p>\n","protected":false},"excerpt":{"rendered":"<p>Coaching bietet einen strukturierten Rahmen, um pers\u00f6nliche, berufliche oder entscheidungsbezogene Fragestellungen differenziert zu betrachten. Im&#8230;<\/p>\n","protected":false},"author":1,"featured_media":0,"parent":0,"menu_order":0,"comment_status":"closed","ping_status":"closed","template":"","meta":{"footnotes":""},"class_list":["post-163","page","type-page","status-publish","hentry"],"_links":{"self":[{"href":"https:\/\/www.anjafeldmann.de\/index.php?rest_route=\/wp\/v2\/pages\/163","targetHints":{"allow":["GET"]}}],"collection":[{"href":"https:\/\/www.anjafeldmann.de\/index.php?rest_route=\/wp\/v2\/pages"}],"about":[{"href":"https:\/\/www.anjafeldmann.de\/index.php?rest_route=\/wp\/v2\/types\/page"}],"author":[{"embeddable":true,"href":"https:\/\/www.anjafeldmann.de\/index.php?rest_route=\/wp\/v2\/users\/1"}],"replies":[{"embeddable":true,"href":"https:\/\/www.anjafeldmann.de\/index.php?rest_route=%2Fwp%2Fv2%2Fcomments&post=163"}],"version-history":[{"count":11,"href":"https:\/\/www.anjafeldmann.de\/index.php?rest_route=\/wp\/v2\/pages\/163\/revisions"}],"predecessor-version":[{"id":625,"href":"https:\/\/www.anjafeldmann.de\/index.php?rest_route=\/wp\/v2\/pages\/163\/revisions\/625"}],"wp:attachment":[{"href":"https:\/\/www.anjafeldmann.de\/index.php?rest_route=%2Fwp%2Fv2%2Fmedia&parent=163"}],"curies":[{"name":"wp","href":"https:\/\/api.w.org\/{rel}","templated":true}]}}