{"id":51,"date":"2023-12-04T21:12:02","date_gmt":"2023-12-04T20:12:02","guid":{"rendered":"https:\/\/www.anjafeldmann.de\/?page_id=51"},"modified":"2026-02-24T20:27:37","modified_gmt":"2026-02-24T19:27:37","slug":"fortbildungen","status":"publish","type":"page","link":"https:\/\/www.anjafeldmann.de\/?page_id=51","title":{"rendered":"Fortbildungen"},"content":{"rendered":"\n<h2 class=\"wp-block-heading has-black-color has-text-color has-link-color wp-elements-1c0142c16cdc79268d58153336fc149d\">Handpuppen in P\u00e4dagogik und\/ oder Therapie<\/h2>\n\n\n\n<p>Handpuppen er\u00f6ffnen in p\u00e4dagogischen und therapeutischen Kontexten besondere Zug\u00e4nge zu Beziehung, Kommunikation und innerem Erleben.<\/p>\n\n\n\n<p>Die Fortbildung richtet sich an Fachpersonen aus P\u00e4dagogik, Therapie und Beratung, unter anderem an Erzieher:innen, Lehrer:innen, Therapeut:innen, Logop\u00e4d:innen, Psycholog:innen, Tageseltern sowie weitere in p\u00e4dagogischen oder therapeutischen Arbeitsfeldern t\u00e4tige Menschen.<\/p>\n\n\n\n<p>Die Fortbildung verbindet fachliche Grundlagen, praktische \u00dcbungen und erfahrungsorientierte Zug\u00e4nge.<br>Sie legt besonderen Wert auf Umsetzbarkeit, Sicherheit im Spiel und einen stimmigen Einsatz der Figuren im beruflichen Alltag<\/p>\n\n\n\n<div class=\"wp-block-buttons is-layout-flex wp-block-buttons-is-layout-flex\">\n<div class=\"wp-block-button\"><a class=\"wp-block-button__link wp-element-button\" href=\"https:\/\/www.anjafeldmann.de\/?page_id=403\" target=\"_blank\" rel=\"noreferrer noopener\">Hier geht es zum Kontaktformular<\/a><\/div>\n<\/div>\n\n\n\n<div class=\"wp-block-group\"><div class=\"wp-block-group__inner-container is-layout-constrained wp-block-group-is-layout-constrained\">\n<div class=\"wp-block-columns is-layout-flex wp-container-core-columns-is-layout-9d6595d7 wp-block-columns-is-layout-flex\">\n<div class=\"wp-block-column is-layout-flow wp-block-column-is-layout-flow\" style=\"flex-basis:33.33%\"><div class=\"wp-block-image is-resized\">\n<figure class=\"alignleft size-large\"><img fetchpriority=\"high\" decoding=\"async\" width=\"761\" height=\"1024\" src=\"https:\/\/www.anjafeldmann.de\/wp-content\/uploads\/2023\/06\/Dresden3-761x1024.jpg\" alt=\"Anja Feldmann mit Kroko\" class=\"wp-image-61\" style=\"width:181px;height:auto\" srcset=\"https:\/\/www.anjafeldmann.de\/wp-content\/uploads\/2023\/06\/Dresden3-761x1024.jpg 761w, https:\/\/www.anjafeldmann.de\/wp-content\/uploads\/2023\/06\/Dresden3-223x300.jpg 223w, https:\/\/www.anjafeldmann.de\/wp-content\/uploads\/2023\/06\/Dresden3-768x1033.jpg 768w, https:\/\/www.anjafeldmann.de\/wp-content\/uploads\/2023\/06\/Dresden3-300x404.jpg 300w, https:\/\/www.anjafeldmann.de\/wp-content\/uploads\/2023\/06\/Dresden3-850x1144.jpg 850w, https:\/\/www.anjafeldmann.de\/wp-content\/uploads\/2023\/06\/Dresden3.jpg 1114w\" sizes=\"(max-width: 761px) 100vw, 761px\" \/><\/figure>\n<\/div><\/div>\n\n\n\n<div class=\"wp-block-column is-layout-flow wp-block-column-is-layout-flow\" style=\"flex-basis:66.66%\">\n<p class=\"has-medium-font-size\"><strong>Inhalte der Fortbildung:<\/strong><br>Im Mittelpunkt stehen sowohl technische Grundlagen als auch die professionelle Nutzung von Handpuppen im jeweiligen Arbeitsfeld<\/p>\n\n\n\n<ul class=\"wp-block-list\">\n<li>Grundlagen der Figurenf\u00fchrung<\/li>\n\n\n\n<li>Sprechen mit dem Klappmaul<\/li>\n\n\n\n<li>Die Figur zum Leben erwecken<\/li>\n\n\n\n<li>Rolle und Funktion der Figur<\/li>\n\n\n\n<li>Zielsetzung<\/li>\n\n\n\n<li>Didaktik<\/li>\n\n\n\n<li>Alltagstransfer (Kita\/ Praxis\/ Schule\/ etc.)<\/li>\n\n\n\n<li>therapeutisches Figurenspiel<\/li>\n<\/ul>\n<\/div>\n<\/div>\n<\/div><\/div>\n\n\n\n<div class=\"wp-block-columns is-layout-flex wp-container-core-columns-is-layout-9d6595d7 wp-block-columns-is-layout-flex\">\n<div class=\"wp-block-column is-layout-flow wp-block-column-is-layout-flow\" style=\"flex-basis:33.33%\">\n<figure class=\"wp-block-image size-large is-resized\"><img decoding=\"async\" width=\"682\" height=\"1024\" src=\"https:\/\/www.anjafeldmann.de\/wp-content\/uploads\/2023\/06\/2014-07-24_12-15-09-682x1024.jpg\" alt=\"Workshop Fortbildung\" class=\"wp-image-43\" style=\"width:184px;height:auto\" srcset=\"https:\/\/www.anjafeldmann.de\/wp-content\/uploads\/2023\/06\/2014-07-24_12-15-09-682x1024.jpg 682w, https:\/\/www.anjafeldmann.de\/wp-content\/uploads\/2023\/06\/2014-07-24_12-15-09-200x300.jpg 200w, https:\/\/www.anjafeldmann.de\/wp-content\/uploads\/2023\/06\/2014-07-24_12-15-09-768x1152.jpg 768w, https:\/\/www.anjafeldmann.de\/wp-content\/uploads\/2023\/06\/2014-07-24_12-15-09-1024x1536.jpg 1024w, https:\/\/www.anjafeldmann.de\/wp-content\/uploads\/2023\/06\/2014-07-24_12-15-09-1365x2048.jpg 1365w, https:\/\/www.anjafeldmann.de\/wp-content\/uploads\/2023\/06\/2014-07-24_12-15-09-300x450.jpg 300w, https:\/\/www.anjafeldmann.de\/wp-content\/uploads\/2023\/06\/2014-07-24_12-15-09-850x1275.jpg 850w, https:\/\/www.anjafeldmann.de\/wp-content\/uploads\/2023\/06\/2014-07-24_12-15-09-scaled.jpg 1706w\" sizes=\"(max-width: 682px) 100vw, 682px\" \/><\/figure>\n<\/div>\n\n\n\n<div class=\"wp-block-column is-layout-flow wp-block-column-is-layout-flow\" style=\"flex-basis:66.66%\">\n<p class=\"has-medium-font-size\">Kooperationspartner und Auftraggeberinnen:<\/p>\n\n\n\n<ul class=\"wp-block-list\">\n<li>LAGZ Sachsen<\/li>\n\n\n\n<li>LAG Berlin<\/li>\n\n\n\n<li>Akademie f\u00fcr \u00d6ffentliches Gesundheitswesen in D\u00fcsseldorf<\/li>\n\n\n\n<li>Deutsche Arbeitsgemeinschaft f\u00fcr Jugendzahnpflege e.V. (DAJ)<\/li>\n\n\n\n<li>Cornelsen Verlag<\/li>\n\n\n\n<li>Johanniter Regionalverband Stuttgart<\/li>\n\n\n\n<li>Berufsbildungsseminar e.V. <\/li>\n\n\n\n<li>Evangelischer Landesverband Tageseinrichtungen f\u00fcr Kinder in W\u00fcrttemberg e.V.<\/li>\n\n\n\n<li>Landesverband katholischer Kindertagesst\u00e4tten<\/li>\n\n\n\n<li>Konzept-e Stuttgart<\/li>\n\n\n\n<li>Tagesm\u00fctter Welzheimer Wald e.V.<\/li>\n\n\n\n<li>AVR Verlag (erzieherin-ausbildung.de)<\/li>\n\n\n\n<li>A.B.C.M. Zweisprachigkeit Schweighouse sur Moder<\/li>\n\n\n\n<li>DRK Kreisverband Rems-Muss e.V.<\/li>\n\n\n\n<li>Caritasverband f\u00fcr die Erzdi\u00f6zese Freiburg e.V.<\/li>\n\n\n\n<li>PSAPOH<\/li>\n\n\n\n<li>Stadt M\u00fchlacker<\/li>\n\n\n\n<li>Stadt Stuttgart<\/li>\n\n\n\n<li>Stadt Karlsruhe<\/li>\n\n\n\n<li>Stadt Horb<\/li>\n\n\n\n<li>Stadt Sindelfingen<\/li>\n\n\n\n<li>Edith Stein Schule Rottweil<\/li>\n\n\n\n<li>evangelische Fachschule f\u00fcr Sozialp\u00e4dagogik Weinstadt<\/li>\n\n\n\n<li>St. Loreto Ellwangen<\/li>\n\n\n\n<li>St. Loreto Aalen<\/li>\n\n\n\n<li>Fam e.V. Kita und Familienzentrum Bretten<\/li>\n<\/ul>\n<\/div>\n<\/div>\n\n\n\n<p><\/p>\n\n\n\n<figure class=\"wp-block-gallery has-nested-images columns-default is-cropped wp-block-gallery-1 is-layout-flex wp-block-gallery-is-layout-flex\">\n<figure class=\"wp-block-image size-large\"><img decoding=\"async\" width=\"1024\" height=\"532\" data-id=\"597\" src=\"https:\/\/www.anjafeldmann.de\/wp-content\/uploads\/2025\/03\/PXL_20241206_1139238342-1024x532.jpg\" alt=\"\" class=\"wp-image-597\" srcset=\"https:\/\/www.anjafeldmann.de\/wp-content\/uploads\/2025\/03\/PXL_20241206_1139238342-1024x532.jpg 1024w, https:\/\/www.anjafeldmann.de\/wp-content\/uploads\/2025\/03\/PXL_20241206_1139238342-300x156.jpg 300w, https:\/\/www.anjafeldmann.de\/wp-content\/uploads\/2025\/03\/PXL_20241206_1139238342-768x399.jpg 768w, https:\/\/www.anjafeldmann.de\/wp-content\/uploads\/2025\/03\/PXL_20241206_1139238342-850x442.jpg 850w, https:\/\/www.anjafeldmann.de\/wp-content\/uploads\/2025\/03\/PXL_20241206_1139238342.jpg 1299w\" sizes=\"(max-width: 1024px) 100vw, 1024px\" \/><\/figure>\n\n\n\n<figure class=\"wp-block-image size-large\"><img loading=\"lazy\" decoding=\"async\" width=\"1024\" height=\"804\" data-id=\"596\" src=\"https:\/\/www.anjafeldmann.de\/wp-content\/uploads\/2025\/03\/PXL_20241206_1149287672-1024x804.jpg\" alt=\"\" class=\"wp-image-596\" srcset=\"https:\/\/www.anjafeldmann.de\/wp-content\/uploads\/2025\/03\/PXL_20241206_1149287672-1024x804.jpg 1024w, https:\/\/www.anjafeldmann.de\/wp-content\/uploads\/2025\/03\/PXL_20241206_1149287672-300x235.jpg 300w, https:\/\/www.anjafeldmann.de\/wp-content\/uploads\/2025\/03\/PXL_20241206_1149287672-768x603.jpg 768w, https:\/\/www.anjafeldmann.de\/wp-content\/uploads\/2025\/03\/PXL_20241206_1149287672-850x667.jpg 850w, https:\/\/www.anjafeldmann.de\/wp-content\/uploads\/2025\/03\/PXL_20241206_1149287672.jpg 1051w\" sizes=\"(max-width: 1024px) 100vw, 1024px\" \/><\/figure>\n\n\n\n<figure class=\"wp-block-image size-large\"><img loading=\"lazy\" decoding=\"async\" width=\"762\" height=\"475\" data-id=\"595\" src=\"https:\/\/www.anjafeldmann.de\/wp-content\/uploads\/2025\/03\/PXL_20241206_1152329372.jpg\" alt=\"\" class=\"wp-image-595\" srcset=\"https:\/\/www.anjafeldmann.de\/wp-content\/uploads\/2025\/03\/PXL_20241206_1152329372.jpg 762w, https:\/\/www.anjafeldmann.de\/wp-content\/uploads\/2025\/03\/PXL_20241206_1152329372-300x187.jpg 300w\" sizes=\"(max-width: 762px) 100vw, 762px\" \/><\/figure>\n<\/figure>\n","protected":false},"excerpt":{"rendered":"<p>Handpuppen in P\u00e4dagogik und\/ oder Therapie Handpuppen er\u00f6ffnen in p\u00e4dagogischen und therapeutischen Kontexten besondere Zug\u00e4nge&#8230;<\/p>\n","protected":false},"author":1,"featured_media":52,"parent":0,"menu_order":0,"comment_status":"closed","ping_status":"closed","template":"","meta":{"footnotes":""},"class_list":["post-51","page","type-page","status-publish","has-post-thumbnail","hentry"],"_links":{"self":[{"href":"https:\/\/www.anjafeldmann.de\/index.php?rest_route=\/wp\/v2\/pages\/51","targetHints":{"allow":["GET"]}}],"collection":[{"href":"https:\/\/www.anjafeldmann.de\/index.php?rest_route=\/wp\/v2\/pages"}],"about":[{"href":"https:\/\/www.anjafeldmann.de\/index.php?rest_route=\/wp\/v2\/types\/page"}],"author":[{"embeddable":true,"href":"https:\/\/www.anjafeldmann.de\/index.php?rest_route=\/wp\/v2\/users\/1"}],"replies":[{"embeddable":true,"href":"https:\/\/www.anjafeldmann.de\/index.php?rest_route=%2Fwp%2Fv2%2Fcomments&post=51"}],"version-history":[{"count":38,"href":"https:\/\/www.anjafeldmann.de\/index.php?rest_route=\/wp\/v2\/pages\/51\/revisions"}],"predecessor-version":[{"id":634,"href":"https:\/\/www.anjafeldmann.de\/index.php?rest_route=\/wp\/v2\/pages\/51\/revisions\/634"}],"wp:featuredmedia":[{"embeddable":true,"href":"https:\/\/www.anjafeldmann.de\/index.php?rest_route=\/wp\/v2\/media\/52"}],"wp:attachment":[{"href":"https:\/\/www.anjafeldmann.de\/index.php?rest_route=%2Fwp%2Fv2%2Fmedia&parent=51"}],"curies":[{"name":"wp","href":"https:\/\/api.w.org\/{rel}","templated":true}]}}